{"id":152,"date":"2022-12-26T23:51:48","date_gmt":"2022-12-27T02:51:48","guid":{"rendered":"http:\/\/att-sistemax.com.br\/?page_id=152"},"modified":"2023-01-03T13:30:19","modified_gmt":"2023-01-03T16:30:19","slug":"sobre-nos","status":"publish","type":"page","link":"https:\/\/att-sistemax.com.br\/?page_id=152","title":{"rendered":"Sobre N\u00f3s"},"content":{"rendered":"\n<h2 class=\"wp-block-heading\"><strong>Quem somos?<\/strong><\/h2>\n\n\n\n<p>Somos uma empresa especializada em fornecer solu\u00e7\u00f5es tecnol\u00f3gicas e de infraestrutura de ponta, personalizada de acordo com as necessidades de nossos clientes. Estamos no mercado a 14 anos e contamos com uma carteira de clientes em diversos segmentos, como: log\u00edstica, varejo, publicit\u00e1rio, industrial, metal\u00fargico, entre outros.<\/p>\n\n\n\n<h2 class=\"wp-block-heading\"><strong>Nossa filosofia!<\/strong><\/h2>\n\n\n\n<p>Busca constante da satisfa\u00e7\u00e3o do cliente atrav\u00e9s da utiliza\u00e7\u00e3o de solu\u00e7\u00f5es tecnol\u00f3gicas de ponta e do dimensionamento adequado \u00e0s necessidades atuais e futuras, com previsibilidade de expans\u00e3o, objetivando sempre a racionaliza\u00e7\u00e3o dos processos e a otimiza\u00e7\u00e3o de custos e prazos.<\/p>\n\n\n\n<blockquote class=\"wp-block-quote has-text-color is-layout-flow wp-block-quote-is-layout-flow\" style=\"color:#0c68d1\">\n<p class=\"has-text-color\" style=\"color:#0c68d1\"><em>\u201cSolidificamos a parceria com nossos clientes atrav\u00e9s da qualidade dos servi\u00e7os e do comprometimento rigoroso em rela\u00e7\u00e3o aos acordos realizados\u201d<\/em><\/p>\n<cite><br><strong>Edson Tavares &#8211;<\/strong>\u00a0Diretor de Obras<\/cite><\/blockquote>\n","protected":false},"excerpt":{"rendered":"<p>Quem somos? Somos uma empresa especializada em fornecer solu\u00e7\u00f5es tecnol\u00f3gicas e de infraestrutura de ponta, personalizada de acordo com as necessidades de nossos clientes. Estamos no mercado a 14 anos e contamos com uma carteira de clientes em diversos segmentos, como: log\u00edstica, varejo, publicit\u00e1rio, industrial, metal\u00fargico, entre outros. Nossa filosofia! Busca constante da satisfa\u00e7\u00e3o do [&hellip;]<\/p>\n","protected":false},"author":1,"featured_media":41,"parent":0,"menu_order":3,"comment_status":"closed","ping_status":"closed","template":"templates\/page-left-sidebar.php","meta":{"_joinchat":[],"footnotes":""},"class_list":["post-152","page","type-page","status-publish","has-post-thumbnail","hentry"],"yoast_head":"<!-- This site is optimized with the Yoast SEO plugin v22.9 - https:\/\/yoast.com\/wordpress\/plugins\/seo\/ -->\n<title>Sobre N\u00f3s - ATT-Sistemax<\/title>\n<meta name=\"robots\" content=\"index, follow, max-snippet:-1, max-image-preview:large, max-video-preview:-1\" \/>\n<link rel=\"canonical\" href=\"https:\/\/att-sistemax.com.br\/?page_id=152\" \/>\n<meta property=\"og:locale\" content=\"pt_BR\" \/>\n<meta property=\"og:type\" content=\"article\" \/>\n<meta property=\"og:title\" content=\"Sobre N\u00f3s - ATT-Sistemax\" \/>\n<meta property=\"og:description\" content=\"Quem somos? Somos uma empresa especializada em fornecer solu\u00e7\u00f5es tecnol\u00f3gicas e de infraestrutura de ponta, personalizada de acordo com as necessidades de nossos clientes. Estamos no mercado a 14 anos e contamos com uma carteira de clientes em diversos segmentos, como: log\u00edstica, varejo, publicit\u00e1rio, industrial, metal\u00fargico, entre outros. Nossa filosofia! Busca constante da satisfa\u00e7\u00e3o do [&hellip;]\" \/>\n<meta property=\"og:url\" content=\"https:\/\/att-sistemax.com.br\/?page_id=152\" \/>\n<meta property=\"og:site_name\" content=\"ATT-Sistemax\" \/>\n<meta property=\"article:publisher\" content=\"https:\/\/www.facebook.com\/attsistemaxSP\" \/>\n<meta property=\"article:modified_time\" content=\"2023-01-03T16:30:19+00:00\" \/>\n<meta property=\"og:image\" content=\"https:\/\/att-sistemax.com.br\/wp-content\/uploads\/2022\/10\/pessoas-cctv-project-scaled.jpg\" \/>\n\t<meta property=\"og:image:width\" content=\"2560\" \/>\n\t<meta property=\"og:image:height\" content=\"1920\" \/>\n\t<meta property=\"og:image:type\" content=\"image\/jpeg\" \/>\n<meta name=\"twitter:card\" content=\"summary_large_image\" \/>\n<meta name=\"twitter:label1\" content=\"Est. tempo de leitura\" \/>\n\t<meta name=\"twitter:data1\" content=\"1 minuto\" \/>\n<script type=\"application\/ld+json\" class=\"yoast-schema-graph\">{\"@context\":\"https:\/\/schema.org\",\"@graph\":[{\"@type\":\"WebPage\",\"@id\":\"https:\/\/att-sistemax.com.br\/?page_id=152\",\"url\":\"https:\/\/att-sistemax.com.br\/?page_id=152\",\"name\":\"Sobre N\u00f3s - ATT-Sistemax\",\"isPartOf\":{\"@id\":\"https:\/\/att-sistemax.com.br\/#website\"},\"primaryImageOfPage\":{\"@id\":\"https:\/\/att-sistemax.com.br\/?page_id=152#primaryimage\"},\"image\":{\"@id\":\"https:\/\/att-sistemax.com.br\/?page_id=152#primaryimage\"},\"thumbnailUrl\":\"https:\/\/att-sistemax.com.br\/wp-content\/uploads\/2022\/10\/pessoas-cctv-project-scaled.jpg\",\"datePublished\":\"2022-12-27T02:51:48+00:00\",\"dateModified\":\"2023-01-03T16:30:19+00:00\",\"breadcrumb\":{\"@id\":\"https:\/\/att-sistemax.com.br\/?page_id=152#breadcrumb\"},\"inLanguage\":\"pt-BR\",\"potentialAction\":[{\"@type\":\"ReadAction\",\"target\":[\"https:\/\/att-sistemax.com.br\/?page_id=152\"]}]},{\"@type\":\"ImageObject\",\"inLanguage\":\"pt-BR\",\"@id\":\"https:\/\/att-sistemax.com.br\/?page_id=152#primaryimage\",\"url\":\"https:\/\/att-sistemax.com.br\/wp-content\/uploads\/2022\/10\/pessoas-cctv-project-scaled.jpg\",\"contentUrl\":\"https:\/\/att-sistemax.com.br\/wp-content\/uploads\/2022\/10\/pessoas-cctv-project-scaled.jpg\",\"width\":2560,\"height\":1920,\"caption\":\"Two people discussing CCTV project\"},{\"@type\":\"BreadcrumbList\",\"@id\":\"https:\/\/att-sistemax.com.br\/?page_id=152#breadcrumb\",\"itemListElement\":[{\"@type\":\"ListItem\",\"position\":1,\"name\":\"In\u00edcio\",\"item\":\"https:\/\/att-sistemax.com.br\/\"},{\"@type\":\"ListItem\",\"position\":2,\"name\":\"Sobre N\u00f3s\"}]},{\"@type\":\"WebSite\",\"@id\":\"https:\/\/att-sistemax.com.br\/#website\",\"url\":\"https:\/\/att-sistemax.com.br\/\",\"name\":\"ATT-Sistemax\",\"description\":\"\",\"publisher\":{\"@id\":\"https:\/\/att-sistemax.com.br\/#organization\"},\"potentialAction\":[{\"@type\":\"SearchAction\",\"target\":{\"@type\":\"EntryPoint\",\"urlTemplate\":\"https:\/\/att-sistemax.com.br\/?s={search_term_string}\"},\"query-input\":\"required name=search_term_string\"}],\"inLanguage\":\"pt-BR\"},{\"@type\":\"Organization\",\"@id\":\"https:\/\/att-sistemax.com.br\/#organization\",\"name\":\"ATT-Sistemax\",\"url\":\"https:\/\/att-sistemax.com.br\/\",\"logo\":{\"@type\":\"ImageObject\",\"inLanguage\":\"pt-BR\",\"@id\":\"https:\/\/att-sistemax.com.br\/#\/schema\/logo\/image\/\",\"url\":\"https:\/\/att-sistemax.com.br\/wp-content\/uploads\/2022\/12\/cropped-Logo-ATT-png-1.png\",\"contentUrl\":\"https:\/\/att-sistemax.com.br\/wp-content\/uploads\/2022\/12\/cropped-Logo-ATT-png-1.png\",\"width\":497,\"height\":182,\"caption\":\"ATT-Sistemax\"},\"image\":{\"@id\":\"https:\/\/att-sistemax.com.br\/#\/schema\/logo\/image\/\"},\"sameAs\":[\"https:\/\/www.facebook.com\/attsistemaxSP\",\"https:\/\/www.instagram.com\/attsistemax\/\",\"https:\/\/www.linkedin.com\/company\/att-sistemax-sp\/\"]}]}<\/script>\n<!-- \/ Yoast SEO plugin. -->","yoast_head_json":{"title":"Sobre N\u00f3s - ATT-Sistemax","robots":{"index":"index","follow":"follow","max-snippet":"max-snippet:-1","max-image-preview":"max-image-preview:large","max-video-preview":"max-video-preview:-1"},"canonical":"https:\/\/att-sistemax.com.br\/?page_id=152","og_locale":"pt_BR","og_type":"article","og_title":"Sobre N\u00f3s - ATT-Sistemax","og_description":"Quem somos? Somos uma empresa especializada em fornecer solu\u00e7\u00f5es tecnol\u00f3gicas e de infraestrutura de ponta, personalizada de acordo com as necessidades de nossos clientes. Estamos no mercado a 14 anos e contamos com uma carteira de clientes em diversos segmentos, como: log\u00edstica, varejo, publicit\u00e1rio, industrial, metal\u00fargico, entre outros. Nossa filosofia! Busca constante da satisfa\u00e7\u00e3o do [&hellip;]","og_url":"https:\/\/att-sistemax.com.br\/?page_id=152","og_site_name":"ATT-Sistemax","article_publisher":"https:\/\/www.facebook.com\/attsistemaxSP","article_modified_time":"2023-01-03T16:30:19+00:00","og_image":[{"width":2560,"height":1920,"url":"https:\/\/att-sistemax.com.br\/wp-content\/uploads\/2022\/10\/pessoas-cctv-project-scaled.jpg","type":"image\/jpeg"}],"twitter_card":"summary_large_image","twitter_misc":{"Est. tempo de leitura":"1 minuto"},"schema":{"@context":"https:\/\/schema.org","@graph":[{"@type":"WebPage","@id":"https:\/\/att-sistemax.com.br\/?page_id=152","url":"https:\/\/att-sistemax.com.br\/?page_id=152","name":"Sobre N\u00f3s - ATT-Sistemax","isPartOf":{"@id":"https:\/\/att-sistemax.com.br\/#website"},"primaryImageOfPage":{"@id":"https:\/\/att-sistemax.com.br\/?page_id=152#primaryimage"},"image":{"@id":"https:\/\/att-sistemax.com.br\/?page_id=152#primaryimage"},"thumbnailUrl":"https:\/\/att-sistemax.com.br\/wp-content\/uploads\/2022\/10\/pessoas-cctv-project-scaled.jpg","datePublished":"2022-12-27T02:51:48+00:00","dateModified":"2023-01-03T16:30:19+00:00","breadcrumb":{"@id":"https:\/\/att-sistemax.com.br\/?page_id=152#breadcrumb"},"inLanguage":"pt-BR","potentialAction":[{"@type":"ReadAction","target":["https:\/\/att-sistemax.com.br\/?page_id=152"]}]},{"@type":"ImageObject","inLanguage":"pt-BR","@id":"https:\/\/att-sistemax.com.br\/?page_id=152#primaryimage","url":"https:\/\/att-sistemax.com.br\/wp-content\/uploads\/2022\/10\/pessoas-cctv-project-scaled.jpg","contentUrl":"https:\/\/att-sistemax.com.br\/wp-content\/uploads\/2022\/10\/pessoas-cctv-project-scaled.jpg","width":2560,"height":1920,"caption":"Two people discussing CCTV project"},{"@type":"BreadcrumbList","@id":"https:\/\/att-sistemax.com.br\/?page_id=152#breadcrumb","itemListElement":[{"@type":"ListItem","position":1,"name":"In\u00edcio","item":"https:\/\/att-sistemax.com.br\/"},{"@type":"ListItem","position":2,"name":"Sobre N\u00f3s"}]},{"@type":"WebSite","@id":"https:\/\/att-sistemax.com.br\/#website","url":"https:\/\/att-sistemax.com.br\/","name":"ATT-Sistemax","description":"","publisher":{"@id":"https:\/\/att-sistemax.com.br\/#organization"},"potentialAction":[{"@type":"SearchAction","target":{"@type":"EntryPoint","urlTemplate":"https:\/\/att-sistemax.com.br\/?s={search_term_string}"},"query-input":"required name=search_term_string"}],"inLanguage":"pt-BR"},{"@type":"Organization","@id":"https:\/\/att-sistemax.com.br\/#organization","name":"ATT-Sistemax","url":"https:\/\/att-sistemax.com.br\/","logo":{"@type":"ImageObject","inLanguage":"pt-BR","@id":"https:\/\/att-sistemax.com.br\/#\/schema\/logo\/image\/","url":"https:\/\/att-sistemax.com.br\/wp-content\/uploads\/2022\/12\/cropped-Logo-ATT-png-1.png","contentUrl":"https:\/\/att-sistemax.com.br\/wp-content\/uploads\/2022\/12\/cropped-Logo-ATT-png-1.png","width":497,"height":182,"caption":"ATT-Sistemax"},"image":{"@id":"https:\/\/att-sistemax.com.br\/#\/schema\/logo\/image\/"},"sameAs":["https:\/\/www.facebook.com\/attsistemaxSP","https:\/\/www.instagram.com\/attsistemax\/","https:\/\/www.linkedin.com\/company\/att-sistemax-sp\/"]}]}},"_links":{"self":[{"href":"https:\/\/att-sistemax.com.br\/index.php?rest_route=\/wp\/v2\/pages\/152","targetHints":{"allow":["GET"]}}],"collection":[{"href":"https:\/\/att-sistemax.com.br\/index.php?rest_route=\/wp\/v2\/pages"}],"about":[{"href":"https:\/\/att-sistemax.com.br\/index.php?rest_route=\/wp\/v2\/types\/page"}],"author":[{"embeddable":true,"href":"https:\/\/att-sistemax.com.br\/index.php?rest_route=\/wp\/v2\/users\/1"}],"replies":[{"embeddable":true,"href":"https:\/\/att-sistemax.com.br\/index.php?rest_route=%2Fwp%2Fv2%2Fcomments&post=152"}],"version-history":[{"count":5,"href":"https:\/\/att-sistemax.com.br\/index.php?rest_route=\/wp\/v2\/pages\/152\/revisions"}],"predecessor-version":[{"id":283,"href":"https:\/\/att-sistemax.com.br\/index.php?rest_route=\/wp\/v2\/pages\/152\/revisions\/283"}],"wp:featuredmedia":[{"embeddable":true,"href":"https:\/\/att-sistemax.com.br\/index.php?rest_route=\/wp\/v2\/media\/41"}],"wp:attachment":[{"href":"https:\/\/att-sistemax.com.br\/index.php?rest_route=%2Fwp%2Fv2%2Fmedia&parent=152"}],"curies":[{"name":"wp","href":"https:\/\/api.w.org\/{rel}","templated":true}]}}